{"id":5789,"date":"2022-04-24T16:01:44","date_gmt":"2022-04-24T13:01:44","guid":{"rendered":"https:\/\/mahteray.com\/?post_type=product&#038;p=5789"},"modified":"2026-02-19T20:53:17","modified_gmt":"2026-02-19T17:53:17","slug":"incili-nedime-bilekligi","status":"publish","type":"product","link":"https:\/\/mahteray.com\/index.php\/product\/incili-nedime-bilekligi\/","title":{"rendered":"\u0130ncili Nedime Bilekli\u011fi (1 Adet)"},"content":{"rendered":"<ul>\n<li>1 adet fiyat\u0131d\u0131r<\/li>\n<li>Bu \u00fcr\u00fcnden en az 10 adet sipari\u015f verebilirsiniz (aksi halde sipari\u015finiz iptal edilecektir)<\/li>\n<li>Esnek yap\u0131dad\u0131r, her bilek ile uyum sa\u011flar<\/li>\n<\/ul>\n","protected":false},"excerpt":{"rendered":"<ul>\n<li>1 adet fiyat\u0131d\u0131r<\/li>\n<li>Bu \u00fcr\u00fcnden en az 10 adet sipari\u015f verebilirsiniz (aksi halde sipari\u015finiz iptal edilecektir)<\/li>\n<li>Esnek yap\u0131dad\u0131r, her bilek ile uyum sa\u011flar<\/li>\n<\/ul>\n","protected":false},"featured_media":5790,"template":"","meta":[],"product_brand":[],"product_cat":[156],"product_tag":[223,225,224,222],"class_list":{"0":"post-5789","1":"product","2":"type-product","3":"status-publish","4":"has-post-thumbnail","6":"product_cat-hediyeliklerr","7":"product_tag-bileklik","8":"product_tag-incili-bileklik","9":"product_tag-incili-nedime-bilekligi","10":"product_tag-nedime-bilekligi","12":"first","13":"instock","14":"taxable","15":"shipping-taxable","16":"purchasable","17":"product-type-variable"},"jetpack_sharing_enabled":true,"_links":{"self":[{"href":"https:\/\/mahteray.com\/index.php\/wp-json\/wp\/v2\/product\/5789","targetHints":{"allow":["GET"]}}],"collection":[{"href":"https:\/\/mahteray.com\/index.php\/wp-json\/wp\/v2\/product"}],"about":[{"href":"https:\/\/mahteray.com\/index.php\/wp-json\/wp\/v2\/types\/product"}],"version-history":[{"count":1,"href":"https:\/\/mahteray.com\/index.php\/wp-json\/wp\/v2\/product\/5789\/revisions"}],"predecessor-version":[{"id":11880,"href":"https:\/\/mahteray.com\/index.php\/wp-json\/wp\/v2\/product\/5789\/revisions\/11880"}],"wp:featuredmedia":[{"embeddable":true,"href":"https:\/\/mahteray.com\/index.php\/wp-json\/wp\/v2\/media\/5790"}],"wp:attachment":[{"href":"https:\/\/mahteray.com\/index.php\/wp-json\/wp\/v2\/media?parent=5789"}],"wp:term":[{"taxonomy":"product_brand","embeddable":true,"href":"https:\/\/mahteray.com\/index.php\/wp-json\/wp\/v2\/product_brand?post=5789"},{"taxonomy":"product_cat","embeddable":true,"href":"https:\/\/mahteray.com\/index.php\/wp-json\/wp\/v2\/product_cat?post=5789"},{"taxonomy":"product_tag","embeddable":true,"href":"https:\/\/mahteray.com\/index.php\/wp-json\/wp\/v2\/product_tag?post=5789"}],"curies":[{"name":"wp","href":"https:\/\/api.w.org\/{rel}","templated":true}]}}