{"id":6235,"date":"2022-10-25T21:13:48","date_gmt":"2022-10-25T18:13:48","guid":{"rendered":"https:\/\/mahteray.com\/?post_type=product&#038;p=6235"},"modified":"2026-02-19T19:56:35","modified_gmt":"2026-02-19T16:56:35","slug":"kasnak-tef-3-boyutlu-cicek-islemeli","status":"publish","type":"product","link":"https:\/\/mahteray.com\/index.php\/product\/kasnak-tef-3-boyutlu-cicek-islemeli\/","title":{"rendered":"Kasnak Tef &#8211; 3 Boyutlu \u00c7i\u00e7ek \u0130\u015flemeli"},"content":{"rendered":"<ul>\n<li>1 adet fiyat\u0131d\u0131r<\/li>\n<li>Konseptinize uygun renkte s\u00fcsleme yap\u0131l\u0131yor<\/li>\n<li>\u0130ste\u011fe g\u00f6re bask\u0131l\u0131 haz\u0131rlan\u0131yor<\/li>\n<li>NOT: \u00dcr\u00fcn\u00fc sat\u0131n ald\u0131ktan sonra haz\u0131rlanmas\u0131 i\u00e7in a\u015fa\u011f\u0131da yaz\u0131l\u0131 olan gerekli bilgileri whatsapp hatt\u0131m\u0131zdan bize iletebilirsiniz;<\/li>\n<\/ul>\n<ol>\n<li><strong>S\u0130PAR\u0130\u015e NUMARASI<\/strong><\/li>\n<li><strong>YAZI RENG\u0130 (ALTIN VEYA G\u00dcM\u00dc\u015e)<\/strong><\/li>\n<li><strong>\u00dcZER\u0130NE EKLENECEK YAZI VEYA YAZILAR<br \/>\n<\/strong><\/li>\n<\/ol>\n<ul>\n<li>\n<h5><strong>WHATSAPP : +90 553 698 03 21\u00a0<\/strong><\/h5>\n<\/li>\n<\/ul>\n","protected":false},"excerpt":{"rendered":"<ul>\n<li>1 adet fiyat\u0131d\u0131r<\/li>\n<li>Konseptinize uygun renkte s\u00fcsleme yap\u0131l\u0131yor<\/li>\n<li>\u0130ste\u011fe g\u00f6re bask\u0131l\u0131 haz\u0131rlan\u0131yor<\/li>\n<li>NOT: \u00dcr\u00fcn\u00fc sat\u0131n ald\u0131ktan sonra haz\u0131rlanmas\u0131 i\u00e7in a\u015fa\u011f\u0131da yaz\u0131l\u0131 olan gerekli bilgileri whatsapp hatt\u0131m\u0131zdan bize iletebilirsiniz;<\/li>\n<\/ul>\n<ol>\n<li><strong>S\u0130PAR\u0130\u015e NUMARASI<\/strong><\/li>\n<li><strong>YAZI RENG\u0130 (ALTIN VEYA G\u00dcM\u00dc\u015e)<\/strong><\/li>\n<li><strong>\u00dcZER\u0130NE EKLENECEK YAZI VEYA YAZILAR<br \/>\n<\/strong><\/li>\n<\/ol>\n<ul>\n<li>\n<h5><strong>WHATSAPP : +90 553 698 03 21\u00a0<\/strong><\/h5>\n<\/li>\n<\/ul>\n","protected":false},"featured_media":8166,"template":"","meta":[],"product_brand":[],"product_cat":[27],"product_tag":[253,254,252,71],"class_list":{"0":"post-6235","1":"product","2":"type-product","3":"status-publish","4":"has-post-thumbnail","6":"product_cat-tef","7":"product_tag-3-boyutlu","8":"product_tag-cicek-islemeli","9":"product_tag-kasnak-tef","10":"product_tag-nedime-tefi","12":"first","13":"instock","14":"taxable","15":"shipping-taxable","16":"purchasable","17":"product-type-variable"},"jetpack_sharing_enabled":true,"_links":{"self":[{"href":"https:\/\/mahteray.com\/index.php\/wp-json\/wp\/v2\/product\/6235","targetHints":{"allow":["GET"]}}],"collection":[{"href":"https:\/\/mahteray.com\/index.php\/wp-json\/wp\/v2\/product"}],"about":[{"href":"https:\/\/mahteray.com\/index.php\/wp-json\/wp\/v2\/types\/product"}],"version-history":[{"count":2,"href":"https:\/\/mahteray.com\/index.php\/wp-json\/wp\/v2\/product\/6235\/revisions"}],"predecessor-version":[{"id":11834,"href":"https:\/\/mahteray.com\/index.php\/wp-json\/wp\/v2\/product\/6235\/revisions\/11834"}],"wp:featuredmedia":[{"embeddable":true,"href":"https:\/\/mahteray.com\/index.php\/wp-json\/wp\/v2\/media\/8166"}],"wp:attachment":[{"href":"https:\/\/mahteray.com\/index.php\/wp-json\/wp\/v2\/media?parent=6235"}],"wp:term":[{"taxonomy":"product_brand","embeddable":true,"href":"https:\/\/mahteray.com\/index.php\/wp-json\/wp\/v2\/product_brand?post=6235"},{"taxonomy":"product_cat","embeddable":true,"href":"https:\/\/mahteray.com\/index.php\/wp-json\/wp\/v2\/product_cat?post=6235"},{"taxonomy":"product_tag","embeddable":true,"href":"https:\/\/mahteray.com\/index.php\/wp-json\/wp\/v2\/product_tag?post=6235"}],"curies":[{"name":"wp","href":"https:\/\/api.w.org\/{rel}","templated":true}]}}