{"id":8200,"date":"2024-05-14T22:50:13","date_gmt":"2024-05-14T19:50:13","guid":{"rendered":"https:\/\/mahteray.com\/?post_type=product&#038;p=8200"},"modified":"2026-02-19T18:25:13","modified_gmt":"2026-02-19T15:25:13","slug":"uzun-kina-duvagi","status":"publish","type":"product","link":"https:\/\/mahteray.com\/index.php\/product\/uzun-kina-duvagi\/","title":{"rendered":"Uzun K\u0131na Duva\u011f\u0131"},"content":{"rendered":"<ul>\n<li>1. SINIF \u0130THAL \u015e\u0130FONDAN \u00dcRET\u0130LM\u0130\u015eT\u0130R<\/li>\n<li>\u00dcR\u00dcN BASKISIZDIR<\/li>\n<\/ul>\n<p>&nbsp;<\/p>\n<ul>\n<li>\n<h5><strong>WHATSAPP : +90 553 698 03 21\u00a0<\/strong><\/h5>\n<\/li>\n<\/ul>\n","protected":false},"excerpt":{"rendered":"<ul>\n<li>1. SINIF \u0130THAL \u015e\u0130FONDAN \u00dcRET\u0130LM\u0130\u015eT\u0130R<\/li>\n<li>\u00dcR\u00dcN BASKISIZDIR<\/li>\n<\/ul>\n<p>&nbsp;<\/p>\n<ul>\n<li>\n<h5><strong>WHATSAPP : +90 553 698 03 21\u00a0<\/strong><\/h5>\n<\/li>\n<\/ul>\n","protected":false},"featured_media":8203,"template":"","meta":[],"product_brand":[],"product_cat":[125,187],"product_tag":[],"class_list":{"0":"post-8200","1":"product","2":"type-product","3":"status-publish","4":"has-post-thumbnail","6":"product_cat-duvak","7":"product_cat-kinaortusu","9":"first","10":"instock","11":"taxable","12":"shipping-taxable","13":"purchasable","14":"product-type-variable"},"jetpack_sharing_enabled":true,"_links":{"self":[{"href":"https:\/\/mahteray.com\/index.php\/wp-json\/wp\/v2\/product\/8200","targetHints":{"allow":["GET"]}}],"collection":[{"href":"https:\/\/mahteray.com\/index.php\/wp-json\/wp\/v2\/product"}],"about":[{"href":"https:\/\/mahteray.com\/index.php\/wp-json\/wp\/v2\/types\/product"}],"version-history":[{"count":1,"href":"https:\/\/mahteray.com\/index.php\/wp-json\/wp\/v2\/product\/8200\/revisions"}],"predecessor-version":[{"id":11807,"href":"https:\/\/mahteray.com\/index.php\/wp-json\/wp\/v2\/product\/8200\/revisions\/11807"}],"wp:featuredmedia":[{"embeddable":true,"href":"https:\/\/mahteray.com\/index.php\/wp-json\/wp\/v2\/media\/8203"}],"wp:attachment":[{"href":"https:\/\/mahteray.com\/index.php\/wp-json\/wp\/v2\/media?parent=8200"}],"wp:term":[{"taxonomy":"product_brand","embeddable":true,"href":"https:\/\/mahteray.com\/index.php\/wp-json\/wp\/v2\/product_brand?post=8200"},{"taxonomy":"product_cat","embeddable":true,"href":"https:\/\/mahteray.com\/index.php\/wp-json\/wp\/v2\/product_cat?post=8200"},{"taxonomy":"product_tag","embeddable":true,"href":"https:\/\/mahteray.com\/index.php\/wp-json\/wp\/v2\/product_tag?post=8200"}],"curies":[{"name":"wp","href":"https:\/\/api.w.org\/{rel}","templated":true}]}}