{"id":8608,"date":"2024-09-06T17:55:04","date_gmt":"2024-09-06T14:55:04","guid":{"rendered":"https:\/\/mahteray.com\/?post_type=product&#038;p=8608"},"modified":"2026-02-19T20:31:21","modified_gmt":"2026-02-19T17:31:21","slug":"mendil-baskisiz-pullu-1-adet","status":"publish","type":"product","link":"https:\/\/mahteray.com\/index.php\/product\/mendil-baskisiz-pullu-1-adet\/","title":{"rendered":"Mendil &#8211; Bask\u0131s\u0131z &#8211; Pullu (1 Adet)"},"content":{"rendered":"<ul>\n<li>1 adet fiyat\u0131d\u0131r<\/li>\n<li>En az al\u0131m 10 Adettir.<\/li>\n<li>30&#215;30 cm \u00f6l\u00e7\u00fclerindedir<\/li>\n<li>Gold\u00a0 veya G\u00fcm\u00fc\u015f renkte parlak pullu olarak haz\u0131rlan\u0131yor<\/li>\n<\/ul>\n<ul>\n<li>\n<h5><strong>WHATSAPP : +90 553 698 03 21<\/strong><\/h5>\n<\/li>\n<\/ul>\n","protected":false},"excerpt":{"rendered":"<ul>\n<li>1 adet fiyat\u0131d\u0131r<\/li>\n<li>En az al\u0131m 10 Adettir.<\/li>\n<li>30&#215;30 cm \u00f6l\u00e7\u00fclerindedir<\/li>\n<li>Gold\u00a0 veya G\u00fcm\u00fc\u015f renkte parlak pullu olarak haz\u0131rlan\u0131yor<\/li>\n<\/ul>\n<ul>\n<li>\n<h5><strong>WHATSAPP : +90 553 698 03 21<\/strong><\/h5>\n<\/li>\n<\/ul>\n","protected":false},"featured_media":8612,"template":"","meta":[],"product_brand":[],"product_cat":[32],"product_tag":[324,80,215],"class_list":{"0":"post-8608","1":"product","2":"type-product","3":"status-publish","4":"has-post-thumbnail","6":"product_cat-mendil","7":"product_tag-baskisiz-mendil","8":"product_tag-mendil","9":"product_tag-pullu-mendil","11":"first","12":"instock","13":"taxable","14":"shipping-taxable","15":"purchasable","16":"product-type-variable"},"jetpack_sharing_enabled":true,"_links":{"self":[{"href":"https:\/\/mahteray.com\/index.php\/wp-json\/wp\/v2\/product\/8608","targetHints":{"allow":["GET"]}}],"collection":[{"href":"https:\/\/mahteray.com\/index.php\/wp-json\/wp\/v2\/product"}],"about":[{"href":"https:\/\/mahteray.com\/index.php\/wp-json\/wp\/v2\/types\/product"}],"version-history":[{"count":2,"href":"https:\/\/mahteray.com\/index.php\/wp-json\/wp\/v2\/product\/8608\/revisions"}],"predecessor-version":[{"id":11856,"href":"https:\/\/mahteray.com\/index.php\/wp-json\/wp\/v2\/product\/8608\/revisions\/11856"}],"wp:featuredmedia":[{"embeddable":true,"href":"https:\/\/mahteray.com\/index.php\/wp-json\/wp\/v2\/media\/8612"}],"wp:attachment":[{"href":"https:\/\/mahteray.com\/index.php\/wp-json\/wp\/v2\/media?parent=8608"}],"wp:term":[{"taxonomy":"product_brand","embeddable":true,"href":"https:\/\/mahteray.com\/index.php\/wp-json\/wp\/v2\/product_brand?post=8608"},{"taxonomy":"product_cat","embeddable":true,"href":"https:\/\/mahteray.com\/index.php\/wp-json\/wp\/v2\/product_cat?post=8608"},{"taxonomy":"product_tag","embeddable":true,"href":"https:\/\/mahteray.com\/index.php\/wp-json\/wp\/v2\/product_tag?post=8608"}],"curies":[{"name":"wp","href":"https:\/\/api.w.org\/{rel}","templated":true}]}}